(-2).
18
Let s(v) = 2*v**2 + 40*v + 150. What is s(-5)?
0
Let c(n) = 2*n**3 - 22*n**2 - 24*n + 4. What is c(12)?
4
Let y(p) = -p**2 + 28*p + 283. What is y(-8)?
-5
Let l(n) = n**3 + 13*n**2 - 27*n + 47. Determine l(-15).
2
Let d(u) = -5*u + 4. Determine d(8).
-36
Let v(l) = -l**3 - 8*l**2 - 6*l + 3. What is v(-7)?
-4
Let m(x) = x**3 + 3*x**2 - 8*x - 5. Determine m(-5).
-15
Let l(q) = -q**3 + 6*q**2 - q + 3. Determine l(6).
-3
Let i(f) = -f**3 + 18*f**2 - 20*f + 24. Calculate i(17).
-27
Let v(s) = 94*s - 391. Calculate v(4).
-15
Let p(r) = r - 57. Give p(20).
-37
Let c(t) = t**2 + t - 8. Give c(0).
-8
Let h(u) = 2*u**2 + 3*u - 14. What is h(3)?
13
Let k(d) = -4*d + 10. Determine k(7).
-18
Let l(y) = -y**3 - 7*y**2 + y - 6. Determine l(-7).
-13
Let m(d) = -7*d - 413. Calculate m(-63).
28
Let s(x) = x**3 - 13*x**2 + 14*x - 14. Give s(11).
-102
Let h(i) = -8*i - 28. What is h(-9)?
44
Let l(d) = d**2 - 16*d - 36. Calculate l(18).
0
Let u(n) = 25*n**2 + n. What is u(1)?
26
Let k(v) = v**3 - 24*v**2 - 3*v + 84. Determine k(24).
12
Let n(d) = -24*d - 6. Determine n(1).
-30
Let v(d) = -d**2 + 3*d + 28. Give v(9).
-26
Let l(c) = 5*c - 88. What is l(-7)?
-123
Let a(u) = -2*u**2 + 15*u - 41. Give a(5).
-16
Let m(p) = -p**2 - 24*p - 119. Calculate m(-7).
0
Let g(a) = a**3 - 6*a**2 - 8*a - 5. Determine g(6).
-53
Let l(k) = -k**3 + 6*k**2 - k. What is l(6)?
-6
Let d(g) = 3*g**3 + 39*g**2 + 37*g + 7. Determine d(-12).
-5
Let r(i) = -2*i**2 - 3*i + 9. Determine r(-6).
-45
Let l(n) = -n**3 + 12*n**2 + 12*n + 9. What is l(13)?
-4
Let p(g) = g**2 - 37*g + 279. Determine p(25).
-21
Let q(l) = l**2 - 6*l - 37. Determine q(11).
18
Let l(y) = -y**2 - 6*y - 3. What is l(-4)?
5
Let q(y) = y**2 - 8*y - 46. Calculate q(9).
-37
Let t(z) = -z**2 - 4*z + 11. What is t(-11)?
-66
Let p(n) = -7*n**2 - 7. Give p(3).
-70
Let j(y) = 2*y**3 - 2*y**2 - 2*y - 6. Calculate j(3).
24
Let y(m) = m**3 + 10*m**2 + 10*m + 3. What is y(-9)?
-6
Let j(s) = s**2 + 18*s + 18. What is j(-13)?
-47
Let p(m) = m**3 + 9. Determine p(2).
17
Let d(r) = 2*r**2 + 31*r + 3. Give d(0).
3
Let i(y) = y**2 - 9*y - 16. Determine i(11).
6
Let z(j) = -20*j + 385. What is z(20)?
-15
Let c(u) = 13*u - 3. Give c(-1).
-16
Let t(o) = o + 4. Determine t(-5).
-1
Let p(x) = -x**2 - 7*x + 29. Calculate p(-10).
-1
Let l(s) = s**3 + 4*s**2 - 4*s + 9. Determine l(-5).
4
Let g(q) = q**2 - 4*q - 35. Give g(-4).
-3
Let p(m) = 15*m - 438. Give p(29).
-3
Let o(k) = 12*k - 39. Give o(18).
177
Let c(z) = z**3 - 4*z**2 + z - 2. What is c(3)?
-8
Let t(g) = 6*g**2 - 22*g - 15. What is t(4)?
-7
Let s(g) = -6*g + 6. Calculate s(-5).
36
Let v(a) = a**3 - 6*a**2 - 12*a + 4. Give v(8).
36
Let v(q) = -13*q - 311. Calculate v(-24).
1
Let r(p) = -p**2 - 5*p. Calculate r(-2).
6
Let o(k) = k**2 + 10*k + 1. Determine o(-9).
-8
Let t(y) = 7*y**2 + 538*y - 75. Give t(-77).
2
Let p(j) = 23*j**3 - j**2 - 2*j - 1. Determine p(-1).
-23
Let d(y) = -5*y**3 - y**2 - 2*y - 1. What is d(-1)?
5
Let c(n) = -n - 14. Determine c(-6).
-8
Let d(z) = -z**2 + 38*z + 304. Calculate d(45).
-11
Let l(m) = m**3 + 10*m**2 - 11*m - 4. Give l(-11).
-4
Let o(v) = 3*v**3 - 4*v - 1. Determine o(-2).
-17
Let c(r) = r**2 + 10*r + 4. Calculate c(-10).
4
Let r(n) = 4*n + 32. What is r(-9)?
-4
Let i(b) = 25*b - 4. What is i(8)?
196
Let s(t) = -t**3 + 9*t**2 - 5*t + 10. Give s(8).
34
Let c(d) = -19*d**3 + 3*d**2 - 2*d. Calculate c(1).
-18
Let t(k) = -6*k**2 + 6*k + 5. Give t(-2).
-31
Let c(d) = -d**3 + 5*d**2 - 11*d + 10. Determine c(5).
-45
Let g(x) = -x**3 - 7*x**2 - 14*x - 12. Determine g(-5).
8
Let b(z) = z - 28. Determine b(21).
-7
Let a(f) = 6*f + 1. Give a(-1).
-5
Let m(i) = 9*i - 10. Determine m(0).
-10
Let o(m) = m + 4. What is o(-7)?
-3
Let x(o) = o**3 - 7*o**2 + 4*o + 3. Determine x(6).
-9
Let m(g) = 11*g**2 - 2*g - 1. Determine m(-2).
47
Let v(x) = -2*x**2 + 5*x. Give v(3).
-3
Let f(s) = -19*s + 62. Give f(2).
24
Let d(l) = -l**2 - l + 27. Give d(0).
27
Let l(r) = r**3 - 8*r**2 - 18*r - 20. Give l(10).
0
Let k(h) = 46*h - 2168. Give k(47).
-6
Let y(t) = t**3 - 3*t**2 - 9*t + 4. Calculate y(5).
9
Let u(n) = n**3 + 6*n**2 - 9*n - 7. Determine u(-7).
7
Let g(f) = f**2 - 2*f - 14. Give g(0).
-14
Let k(i) = -2*i**2 + 9*i + 18. Calculate k(-6).
-108
Let h(d) = d**2 + 10*d - 12. Calculate h(-8).
-28
Let r(u) = u**3 + 7*u**2 - 2*u + 7. What is r(-8)?
-41
Let i(t) = t**3 - 8*t**2 - 10*t + 10. What is i(9)?
1
Let i(p) = 54*p - 49. Calculate i(1).
5
Let t(f) = f**3 - 11*f**2 + 4. Give t(11).
4
Let a(t) = 4*t + 5. Give a(3).
17
Let z(l) = 25*l**2 - 4*l - 3. Determine z(-1).
26
Let c(q) = 3*q - 16. What is c(7)?
5
Let c(z) = -z**3 - 29*z**2 - 172*z - 19. Calculate c(-8).
13
Let y(w) = 3*w - 4. What is y(13)?
35
Let u(j) = -2*j**3 - 9*j**2 + 15*j - 17. Calculate u(-6).
1
Let b(x) = x + 10. Determine b(-7).
3
Let q(t) = 6*t - 80. What is q(13)?
-2
Let q(j) = 2*j - 5. Give q(7).
9
Let t(l) = 3*l**2 + 17*l + 3. What is t(-6)?
9
Let y(v) = -v**3 + 7*v**2 + 9*v + 2. Give y(8).
10
Let g(w) = -w**3 + 9*w**2 - 10*w + 1. Give g(8).
-15
Let s(h) = -2*h**2 + 28*h + 241. Determine s(-6).
1
Let m(c) = 8*c**2 - 68*c + 7. Calculate m(8).
-25
Let x(l) = -l**2 + 16*l - 16. Determine x(12).
32
Let o(q) = -q**2 + 10*q + 5. Calculate o(10).
5
Let w(l) = 5*l**2 - l - 3. Give w(-1).
3
Let p(q) = q**3 + 5*q**2 - q - 2. What is p(4)?
138
Let a(t) = 12*t + 2. Determine a(2).
26
Let q(x) = x**2 - 6*x. What is q(3)?
-9
Let b(s) = s**3 + 7*s**2 + 9*s + 12. Calculate b(-6).
-6
Let l(u) = u**2 - 11*u + 32. Determine l(5).
2
Let u(y) = y**2 - 17*y + 51. Calculate u(13).
-1
Let t(c) = -2*c - 1. Give t(1).
-3
Let d(n) = n**3 - 5*n**2 - 6*n. Determine d(6).
0
Let v(c) = -11*c. Determine v(-5).
55
Let m(f) = f**2 - 9*f + 4. Give m(10).
14
Let k(m) = -m - 27. Calculate k(-16).
-11
Let b(s) = s**3 + 10*s**2 - 19*s + 4. Determine b(-11).
92
Let l(p) = -p**3 - 14*p**2 - 14*p - 8. Calculate l(-13).
5
Let s(q) = -q**2 - 8*q + 6. Calculate s(-4).
22
Let q(h) = 15*h**3 - 3*h + 2. Give q(1).
14
Let z(p) = -p**2 + 21*p + 23. What is z(22)?
1
Let p(s) = -3*s + 37. What is p(15)?
-8
Let h(i) = -i**2 + 11*i - 16. Determine h(8).
8
Let a(c) = -c**3 - c**2 - 3*c - 10. Give a(0).
-10
Let b(c) = c + 9. Give b(14).
23
Let l(o) = o**3 - 7*o**2 + 21*o - 60. Calculate l(5).
-5
Let c(j) = -j**3 + 3*j**2 + 8*j - 22. What is c(3)?
2
Let m(z) = -2*z**2 + 6*z + 20. Give m(7).
-36
Let v(m) = m**3 + 4*m**2 + 3*m + 9. What is v(-4)?
-3
Let y(c) = 2*c**2 - 14*c - 35. Calculate y(9).
1
Let f(j) = -3*j + 2. Calculate f(3).
-7
Let z(s) = -s - 2. Determine z(3).
-5
Let v(m) = 62*m + 331. Determine v(-5).
21
Let t(k) = -k**3 + 22*k**2 - 4*k + 95. What is t(22)?
7
Let q(a) = -a**2 - 20*a - 43. Give q(-18).
-7
Let w(d) = d**3 + 13*d**2 + 11*d - 3. Calculate w(-12).
9
Let y(l) = l**2 + 16*l - 60. Give y(-17).
-43
Let u(l) = -2*l**2 + 14*l + 7. Give u(8).
-9
Let z(a) = -a**3 - 15*a**2 + 12*a - 60. Determine z(-16).
4
Let g(q) = 17*q + 1. Give g(1).
18
Let l(n) = 6*n - 46. Calculate l(0).
-46
Let w(p) = -p**3 + p**2 + 3*p + 25. Calculate w(0).
25
Let t(v) = 5*v**2 + 4*v - 23. Give t(4).
73
Let k(b) = -b**2 - 4*b + 5. Calculate k(-4).
5
Let g(f) = -9*f + 67. What is g(8)?
-5
Let r(u) = -u**3 - 12*u**2 - 24*u + 32. What is r(-9)?
5
Let w(u) = -60*u + 1. Determine w(1).
-59
Let j(n) = n**3 - 11*n**2 - 14*n + 12. Calculate j(12).
-12
Let t(i) = -i**3 - 3*i**2 + i + 3. Determine t(-2).
-3
Let n(d) = -d**3 + 12*d**2 + 23*d + 52. Give n(14).
-18
Let m(k) = -k**3 - 15*k**2 + 49*k + 10. Determine m(3).
-5
Let a(u) = -23*u + 4. Give a(0).
4
Let r(n) = n**3 - 4*n**2 - 6*n - 4. What is r(-2)?
-16
Let h(i) = -i**2 + 14*i + 89. What is h(19)?
-6
Let t(j) = 47*j + 157. Determine t(-4).
-31
Let u(l) = 4*l - 7. Give u(4).
9
Let d(l) = l**2 + l - 4. What is d(-5)?
16
Let d(f) = -3*f**2 - 18*f + 5. Determine d(-6).
5
Let i(h) = -h**3 - 7*h**2 + 10. Determine i(-6).
-26
Let s(t) = t**2 - 12*t + 34. Give s(6).
-2
Let f(d) = 4*d**3 - 4*d**2 + 4*d - 2. Calculate f(2).
22
Let m(c) = 3*c**2 - 2*c - 11. Calculate m(-3).
22
Let q(p) = -p**3 + 27*p**2 - 24*p - 47. What is q(26)?
5
Let h(r) = -16*r + 11. Calculate h(1).
-5
Let p(g) = -g**2 - 10*g - 21. Calculate p(-7).
0
Let j(n) = 12*n**2 + 3*n - 4. Determine j(-1).
5
Let m(q) = -q**3 + 10*q**2 + 23*q + 29. What is m(12)?
17
